ivided by 7?
4
Calculate the remainder when 643 is divided by 158.
11
What is the remainder when 11907 is divided by 15?
12
What is the remainder when 184 is divided by 92?
0
What is the remainder when 6823 is divided by 13?
11
What is the remainder when 2112 is divided by 81?
6
What is the remainder when 1058 is divided by 9?
5
What is the remainder when 94 is divided by 37?
20
What is the remainder when 12239 is divided by 157?
150
What is the remainder when 368 is divided by 70?
18
Calculate the remainder when 187 is divided by 46.
3
What is the remainder when 40 is divided by 34?
6
What is the remainder when 313 is divided by 32?
25
Calculate the remainder when 105 is divided by 46.
13
What is the remainder when 183 is divided by 48?
39
Calculate the remainder when 135 is divided by 58.
19
What is the remainder when 2576 is divided by 12?
8
What is the remainder when 56 is divided by 52?
4
What is the remainder when 272 is divided by 23?
19
What is the remainder when 8073 is divided by 19?
17
What is the remainder when 361 is divided by 46?
39
What is the remainder when 85 is divided by 8?
5
What is the remainder when 13129 is divided by 202?
201
Calculate the remainder when 479 is divided by 115.
19
What is the remainder when 20 is divided by 1?
0
Calculate the remainder when 32 is divided by 22.
10
Calculate the remainder when 969 is divided by 321.
6
Calculate the remainder when 199 is divided by 37.
14
What is the remainder when 249 is divided by 4?
1
What is the remainder when 375 is divided by 89?
19
Calculate the remainder when 818 is divided by 122.
86
Calculate the remainder when 719 is divided by 44.
15
What is the remainder when 144 is divided by 13?
1
What is the remainder when 181 is divided by 59?
4
What is the remainder when 347 is divided by 12?
11
Calculate the remainder when 43 is divided by 27.
16
Calculate the remainder when 22 is divided by 19.
3
Calculate the remainder when 126 is divided by 64.
62
What is the remainder when 343 is divided by 56?
7
What is the remainder when 5822 is divided by 23?
3
What is the remainder when 104 is divided by 74?
30
What is the remainder when 429 is divided by 19?
11
Calculate the remainder when 205 is divided by 25.
5
What is the remainder when 39 is divided by 19?
1
Calculate the remainder when 4202 is divided by 58.
26
What is the remainder when 117 is divided by 40?
37
Calculate the remainder when 246 is divided by 81.
3
What is the remainder when 1151 is divided by 116?
107
What is the remainder when 1284 is divided by 86?
80
What is the remainder when 583 is divided by 88?
55
Calculate the remainder when 1523 is divided by 9.
2
What is the remainder when 2726 is divided by 101?
100
Calculate the remainder when 406 is divided by 204.
202
What is the remainder when 75 is divided by 17?
7
What is the remainder when 118 is divided by 34?
16
Calculate the remainder when 7225 is divided by 2406.
7
What is the remainder when 680 is divided by 71?
41
What is the remainder when 1286 is divided by 46?
44
What is the remainder when 46 is divided by 31?
15
Calculate the remainder when 1290 is divided by 14.
2
Calculate the remainder when 143 is divided by 36.
35
What is the remainder when 756 is divided by 39?
15
What is the remainder when 687 is divided by 30?
27
Calculate the remainder when 1658 is divided by 10.
8
Calculate the remainder when 872 is divided by 211.
28
Calculate the remainder when 11231 is divided by 104.
103
What is the remainder when 954 is divided by 35?
9
What is the remainder when 683 is divided by 137?
135
What is the remainder when 1820 is divided by 152?
148
What is the remainder when 113 is divided by 24?
17
Calculate the remainder when 88 is divided by 19.
12
Calculate the remainder when 8462 is divided by 184.
182
Calculate the remainder when 451 is divided by 148.
7
Calculate the remainder when 170 is divided by 22.
16
What is the remainder when 219 is divided by 8?
3
What is the remainder when 207 is divided by 85?
37
What is the remainder when 54 is divided by 28?
26
Calculate the remainder when 402 is divided by 58.
54
Calculate the remainder when 495 is divided by 72.
63
Calculate the remainder when 81 is divided by 21.
18
Calculate the remainder when 413 is divided by 46.
45
Calculate the remainder when 284 is divided by 11.
9
Calculate the remainder when 135 is divided by 5.
0
What is the remainder when 1550 is divided by 39?
29
What is the remainder when 852 is divided by 61?
59
What is the remainder when 265 is divided by 153?
112
Calculate the remainder when 324 is divided by 53.
6
Calculate the remainder when 364 is divided by 58.
16
Calculate the remainder when 116 is divided by 29.
0
Calculate the remainder when 3410 is divided by 32.
18
What is the remainder when 23 is divided by 2?
1
Calculate the remainder when 55 is divided by 49.
6
Calculate the remainder when 74 is divided by 14.
4
Calculate the remainder when 600 is divided by 589.
11
What is the remainder when 178 is divided by 45?
43
Calculate the remainder when 1639 is divided by 10.
9
What is the remainder when 67 is divided by 11?
1
Calculate the remainder when 98 is divided by 35.
28
What is the remainder when 310 is divided by 37?
14
Calculate the remainder when 262 is divided by 81.
19
Calculate the remainder when 314 is divided by 57.
29
What is the remainder when 118 is divided by 8?
6
What is the remainder when 438 is divided by 4?
2
What is the remainder when 56 is divided by 20?
16
Calculate the remainder when 113 is divided by 46.
21
Calculate the remainder when 35 is divided by 21.
14
Calculate the remainder when 699 is divided by 51.
36
Calculate the remainder when 945 is divided by 74.
57
Calculate the remainder when 316 is divided by 156.
4
Calculate the remainder when 17 is divided by 10.
7
Calculate the remainder when 247 is divided by 8.
7
Calculate the remainder when 136 is divided by 126.
10
Calculate the remainder when 905 is divided by 83.
75
What is the remainder when 439 is divided by 17?
14
Calculate the remainder when 1696 is divided by 70.
16
Calculate the remainder when 58 is divided by 11.
3
What is the remainder when 142 is divided by 37?
31
What is the remainder when 219 is divided by 56?
51
What is the remainder when 1908 is divided by 23?
22
What is the remainder when 759 is divided by 45?
39
Calculate the remainder when 194 is divided by 42.
26
What is the remainder when 35 is divided by 1?
0
What is the remainder when 3806 is divided by 9?
8
What is the remainder when 332 is divided by 92?
56
Calculate the remainder when 7069 is divided by 10.
9
Calculate the remainder when 202 is divided by 71.
60
Calculate the remainder when 144 is divided by 51.
42
Calculate the remainder when 425 is divided by 98.
33
Calculate the remainder when 21 is divided by 2.
1
What is the remainder when 1229 is divided by 16?
13
Calculate the remainder when 339 is divided by 109.
12
Calculate the remainder when 5623 is divided by 4.
3
What is the remainder when 439 is divided by 65?
49
What is the remainder when 3 is divided by 1?
0
What is the remainder when 3 is divided by 2?
1
Calculate the remainder when 112 is divided by 17.
10
What is the remainder when 216 is divided by 46?
32
What is the remainder when 178 is divided by 60?
58
What is the remainder when 29 is divided by 17?
12
What is the remainder when 90 is divided by 38?
14
What is the remainder when 7 is divided by 6?
1
Calculate the remainder when 786 is divided by 272.
242
Calculate the remainder when 173 is divided by 83.
7
Calculate the remainder when 174 is divided by 164.
10
What is the remainder when 245 is divided by 70?
35
Calculate the remainder when 11 is divided by 6.
5
What is the remainder when 5343 is divided by 33?
30
Calculate the remainder when 3662 is divided by 26.
22
Calculate the remainder when 947 is divided by 191.
183
Calculate the remainder when 470 is divided by 213.
44
Calculate the remainder when 1523 is divided by 30.
23
Calculate the remainder when 166 is divided by 37.
18
Calculate the remainder when 143 is divided by 50.
43
Calculate the remainder when 3266 is divided by 218.
214
What is the remainder when 262 is divided by 122?
18
Calculate the remainder when 124 is divided b